t b(f) = 6*f + 1. What is b(1)?
7
Let w(x) = 2*x**3 + 2*x - 1. Give w(2).
19
Let z(d) = -d**3 - 6*d**2 + 16*d + 13. What is z(-8)?
13
Let s(m) = 6*m + 28. Give s(-9).
-26
Let i(p) = 137*p + 3. Determine i(1).
140
Let r(f) = f**2 - 25*f + 86. What is r(21)?
2
Let x(p) = 10*p + 15. Calculate x(-3).
-15
Let n(d) = -d**3 + 8*d**2 + 7*d + 5. Give n(9).
-13
Let v(t) = 78*t - 12. Calculate v(2).
144
Let p(q) = -23*q + 128. Give p(5).
13
Let h(s) = -5*s - 9. Determine h(-6).
21
Let a(y) = -y**2 + 2*y + 8. Calculate a(5).
-7
Let v(m) = -2*m**2 - 58*m - 111. Calculate v(-2).
-3
Let u(m) = -m + 17. Give u(23).
-6
Let t(w) = w**3 - 3*w**2 - 2*w + 2. Calculate t(2).
-6
Let l(c) = -c**3 + 5*c - 4. What is l(-2)?
-6
Let o(d) = d**3 - d**2 + 3*d - 2. What is o(2)?
8
Let u(n) = n**3 + n**2 - n + 6. What is u(0)?
6
Let s(k) = k**3 - 2*k - 3. Determine s(-1).
-2
Let a(j) = 2*j**2 + 2*j + 7. Give a(4).
47
Let b(l) = 3*l**2 - 16*l - 12. Determine b(6).
0
Let s(r) = -95*r - 562. Give s(-6).
8
Let f(p) = -p**2 - 9*p. Determine f(-9).
0
Let g(s) = -s**2 - 19*s + 22. Calculate g(-22).
-44
Let d(v) = -v**3 + 9*v**2 + 15*v - 14. Give d(10).
36
Let q(j) = -3*j - 72. Give q(-25).
3
Let i(r) = -r**3 + 55*r**2 + 368*r - 117. Calculate i(61).
5
Let m(t) = t**3 - 25*t**2 + 25*t - 16. What is m(24)?
8
Let n(a) = 10*a**2 - 3*a - 2. Give n(-1).
11
Let w(g) = -g**2 + 30*g - 63. Give w(28).
-7
Let m(u) = 13*u + 56. What is m(-18)?
-178
Let b(u) = -121*u**2 - 3*u + 2. Determine b(1).
-122
Let m(p) = 2*p**3 + 2*p**2 - 3*p - 3. Determine m(-2).
-5
Let z(o) = -o**2 - 12*o - 7. Determine z(-8).
25
Let l(s) = -2*s + 36. Calculate l(12).
12
Let o(f) = -28*f - 175. What is o(-6)?
-7
Let t(l) = -l**3 + 10*l**2 + 3*l - 16. Calculate t(10).
14
Let i(c) = -7*c - 10. Determine i(-4).
18
Let f(i) = -i**3 - 10*i**2 - 6*i + 11. What is f(-9)?
-16
Let x(u) = u**3 - 20*u**2 - 44*u + 4. What is x(22)?
4
Let a(p) = -2*p**3 - 14*p**2 + 2*p + 23. What is a(-7)?
9
Let h(j) = -j**3 + 13*j**2 - 5. What is h(13)?
-5
Let v(f) = -f**3 + 4*f**2 - f + 1. Determine v(2).
7
Let x(c) = c**3 - 8*c**2 - c + 8. Calculate x(8).
0
Let k(r) = -5*r**2 + 6*r + 8. Give k(3).
-19
Let p(c) = c**3 - 8*c**2 + 11*c - 7. Give p(7).
21
Let m(f) = 3*f**2 - 35*f + 5. Calculate m(12).
17
Let j(t) = t**2 + 2*t + 1. Give j(-4).
9
Let o(j) = -5*j**2 + 9*j - 10. Calculate o(1).
-6
Let q(m) = m**3 - 7*m**2 - 7*m. Give q(8).
8
Let d(g) = g**3 - 6*g**2 + 18*g - 23. Calculate d(3).
4
Let h(a) = -a**3 + 46*a**2 - 93*a + 219. Determine h(44).
-1
Let z(j) = -6*j**2 + 1. Determine z(-4).
-95
Let c(z) = -2*z**2 - 15*z - 14. Give c(-10).
-64
Let n(p) = 15*p + 1. Calculate n(-1).
-14
Let l(c) = -5*c + 12. Give l(-1).
17
Let n(g) = -8*g - 48. Determine n(-7).
8
Let b(j) = j**3 + 9*j**2 - j - 9. Give b(-5).
96
Let c(m) = 2*m**3 - 18*m**2 + 5*m - 36. Determine c(9).
9
Let p(v) = 5*v**3 + v**2 - 15*v + 17. Determine p(2).
31
Let q(a) = -5*a - 69. Determine q(-9).
-24
Let h(p) = -2*p**2 - p - 3. Determine h(3).
-24
Let z(q) = -q**3 + 40. Determine z(0).
40
Let c(f) = -f**3 + 10*f**2 - 7*f + 3. Determine c(4).
71
Let b(k) = k**2 + 27*k - 20. What is b(-28)?
8
Let p(h) = 22*h**3 - h**2 + h - 1. Give p(1).
21
Let k(q) = -16*q**2 + q + 1. Calculate k(1).
-14
Let p(u) = u**2 - 12*u - 7. Give p(12).
-7
Let d(y) = 2*y + 4. Calculate d(-4).
-4
Let l(w) = -3*w**2 + 14*w - 19. What is l(2)?
-3
Let d(n) = 9*n**2 - 4*n - 2. Determine d(-1).
11
Let y(j) = -j**2 + 17*j + 12. Give y(17).
12
Let h(d) = -5*d + 9. Give h(-4).
29
Let r(d) = 2*d + 9. Calculate r(-2).
5
Let b(f) = 8*f + 180. Determine b(-23).
-4
Let a(c) = -2*c + 9. Give a(9).
-9
Let g(i) = 2*i**3 + 6*i**2 - 7*i - 8. Give g(-5).
-73
Let i(z) = 78*z - 226. Give i(3).
8
Let d(y) = 17*y. What is d(1)?
17
Let x(l) = 10*l - 8. What is x(1)?
2
Let x(g) = -g**3 + 2*g**2 - 24. Give x(0).
-24
Let l(r) = 13*r**3 - 5*r**2 + 3*r. What is l(1)?
11
Let c(t) = -t**3 - t**2 - 3*t + 1. Determine c(2).
-17
Let a(t) = 4*t - 1. What is a(-7)?
-29
Let k(f) = f**3 + 12*f**2 - 6. Determine k(-12).
-6
Let a(d) = 11*d - 1. Determine a(1).
10
Let w(v) = 2*v**3 + 3*v**2 - 1. Calculate w(-1).
0
Let m(l) = l**2 + 2. What is m(0)?
2
Let i(w) = -w**3 + 6*w**2 - 3*w + 7. Determine i(6).
-11
Let p(x) = -2*x**2 - 3*x - 3. Determine p(-2).
-5
Let y(t) = 9*t + 280. Determine y(-32).
-8
Let z(r) = -63*r + 308. What is z(5)?
-7
Let c(v) = v + 69. Determine c(-59).
10
Let n(c) = -2*c**2 - 3. Calculate n(-4).
-35
Let v(n) = -5*n**2 + 4. Calculate v(2).
-16
Let q(w) = w**2 + 6*w - 68. What is q(6)?
4
Let b(l) = l**2 - 3*l. Calculate b(-3).
18
Let x(o) = -3*o - 28. What is x(-18)?
26
Let v(g) = g - 37. Calculate v(0).
-37
Let p(z) = z - 29. Determine p(11).
-18
Let g(h) = h**2 - 10*h - 10. Give g(8).
-26
Let h(d) = -d + 1. Determine h(11).
-10
Let k(r) = -8*r + 239. Give k(30).
-1
Let v(r) = 5*r + 211. Calculate v(-44).
-9
Let z(c) = 2*c**2 + 30*c - 14. What is z(-15)?
-14
Let k(g) = -12*g + 45. What is k(4)?
-3
Let h(x) = -x**3 - 4*x**2 - 3*x - 8. Give h(-4).
4
Let w(u) = -u**3 - 4*u**2 + 4*u - 12. Calculate w(-6).
36
Let q(r) = 4*r - 7. Determine q(3).
5
Let x(p) = 16*p + 96. Give x(-10).
-64
Let g(u) = 4*u - 1. Calculate g(-1).
-5
Let v(k) = 75*k - 49. Determine v(1).
26
Let v(c) = -c**3 - 5*c**2 + c + 3. Calculate v(-5).
-2
Let m(z) = -z**2 - 10*z - 3. Determine m(-8).
13
Let n(w) = 4*w**2 - 2*w - 2. What is n(-1)?
4
Let c(v) = -5*v - 48. Calculate c(-4).
-28
Let o(i) = -2*i - 29. Give o(-11).
-7
Let g(m) = -6*m**3 + m**2 - m. Determine g(1).
-6
Let n(m) = 2*m**2 + 11*m - 11. Determine n(-6).
-5
Let p(h) = 44*h**2 - h - 1. Determine p(-1).
44
Let i(h) = -h**3 + 6*h**2 + 3*h - 9. Calculate i(6).
9
Let l(x) = 2*x**2 - 10*x + 6. Give l(6).
18
Let m(d) = d**3 - d**2 - 18*d + 4. Determine m(4).
-20
Let n(a) = a**3 - 38*a**2 - 2*a + 81. Calculate n(38).
5
Let q(x) = -x**3 - 7*x**2 + 12*x + 27. Calculate q(-8).
-5
Let f(k) = k**3 + 7*k**2 - 2*k - 37. Give f(-6).
11
Let j(d) = 2*d**3 - 14*d**2 + 17*d + 3. Give j(2).
-3
Let z(a) = -a**2 - 14*a - 9. Determine z(-13).
4
Let z(l) = 4*l**3 - 2*l**2 - 2*l + 2. Calculate z(2).
22
Let m(v) = 11*v + 134. Determine m(-16).
-42
Let f(m) = -m + 14. What is f(16)?
-2
Let f(c) = -4*c + 29. Give f(5).
9
Let k(j) = 12*j + 6. Determine k(1).
18
Let b(g) = g**3 + 4*g**2 - 7*g - 3. Give b(-5).
7
Let h(f) = 17*f**3 + 2*f**2 + 2*f - 3. Calculate h(1).
18
Let i(j) = -3*j - 10. Give i(-7).
11
Let t(z) = 2*z - 50. Calculate t(13).
-24
Let a(r) = -r**3 + 7*r**2 + 18*r + 2. Determine a(9).
2
Let l(b) = b**2 - 2*b + 1. Determine l(0).
1
Let c(i) = -2*i - 7. Calculate c(6).
-19
Let o(f) = f**3 - 7*f**2 - 3*f - 4. Give o(5).
-69
Let t(x) = -3*x - 57. Determine t(-19).
0
Let w(j) = -j**3 - 2*j**2 + 5*j + 1. Give w(-3).
-5
Let m(n) = n**3 + 4*n**2 - 6*n - 30. Give m(-3).
-3
Let y(d) = 2*d - 6. What is y(-8)?
-22
Let j(t) = -20*t - 101. Give j(-5).
-1
Let c(s) = s**2 + 4*s + 4. Give c(-6).
16
Let n(c) = c**3 - 12*c**2 - c - 13. Calculate n(12).
-25
Let n(w) = 10*w**2 + 50*w - 6. What is n(-5)?
-6
Let j(n) = n**3 + 7*n**2 - 9*n - 16. Give j(-8).
-8
Let o(y) = 15*y - 17. Calculate o(-7).
-122
Let n(c) = -15*c + 8. What is n(5)?
-67
Let a(l) = -3*l + 8. Calculate a(4).
-4
Let c(z) = z**3 + 7*z**2 - 7*z - 7. Give c(-7).
42
Let q(j) = 2*j + 8. What is q(-8)?
-8
Let y(z) = 16*z + 210. What is y(-16)?
-46
Let j(y) = -y**3 + y**2 + 23. What is j(0)?
23
Let h(x) = x**2 + 10*x - 18. Calculate h(-11).
-7
Let c(g) = -g**3 + 7*g**2 - 7*g + 3. Calculate c(5).
18
Let p(m) = m**3 + 13*m**2 + m + 10. Give p(-13).
-3
Let d(t) = -t**3 + 16*t**2 + 14*t + 38. Determine d(17).
-13
Let x(y) = y**2 + 6*y + 4. Calculate x(-9).
31
Let u(k) = 2*k + 26. What is u(-19)?
-12
Let l(s) = -s**2 + 8. Calculate l(9).
-73
Let j(r) = -3*r + 20. Determine j(6).
2
Let f(g) = -g - 10. Give f(-3).
-7
Let b(d) = d**2 - 24*d + 48. What is b(21)?
-15
Let g(r) = -4*r + 1. What is g(2)?
-7
Let w(n) = -5*n - 3. Calculate w(5).
-28
Let u(l) = l**2 + 15*l + 49. What is u(-12)?
13
Let w(y) = -y**2 + 2*y + 23. Give w(8).
-25
Let n(g) = -g**3 - 2*g - 2. Determine n(-2).
10
Let s(t) = 2*t**2 + 3*t - 30. Calculate s(4).
14
Let v(k) = 2*k**2 - 22*k + 22. Determine v(10).
2
Let o(s) = s**2 + 9*s + 3. Give o(-5).
-17
Let d(g) = -4*g**3 - g**2 - 2*g + 1. Give d(-2).
33
Let y(u) = -10